17). Suppose 2*l = -2*k + 383 + t, 921 = 3*l - 3*k. Is l composite?
False
Suppose 0*w - w = -4*l - 140061, -3*w = -3*l - 420165. Is w composite?
False
Let q(y) = 22*y**3 - 12*y**2 - 20*y + 33. Let g be q(13). Suppose 77*d - 66*d = g. Is d prime?
False
Let j be (-17)/4 - 5/(-20). Let u(a) = -a - 1. Let p(d) = 21*d - 2. Let l(q) = j*u(q) - p(q). Is l(-3) a composite number?
True
Suppose -50*t = -76*t. Suppose 4*f - 17203 = -3*a, 4*a + 2*f - 22944 = -t*a. Is a a composite number?
False
Let j(q) = 78*q**3 + 14*q**2 - 16*q - 1. Let b(s) = -78*s**3 - 15*s**2 + 15*s + 1. Let k(v) = 5*b(v) + 6*j(v). Suppose 0 = -70*z + 43*z + 108. Is k(z) prime?
True
Suppose -6*i = 3*u - 9*i - 86238, 4*u = -2*i + 114954. Is u prime?
False
Suppose 0*r + 3*r = 6324. Suppose 75 = 18*k - 69. Suppose k*t - 1244 = r. Is t composite?
False
Let m(r) = -r**2 + r - 1. Let f be m(2). Let g be (f/2)/(12/(-16)). Suppose s + 0*s - 3*z - 253 = 0, -3*s + g*z + 787 = 0. Is s a composite number?
True
Suppose 3*n + 2*h = -4647, 0*h - h - 6191 = 4*n. Let a = -536 - n. Is a prime?
False
Suppose 24842384 = 28*h + 56*h + 28*h. Is h composite?
False
Suppose 3460554 = 106*o + 79*o - 6088591. Is o a composite number?
True
Let l(f) = 1876*f**3 + 7*f**2 - 20*f + 2. Is l(3) a composite number?
True
Let g(l) = -l**3 - 16*l**2 + 17*l + 5. Let y be g(-17). Suppose 23 = -2*x - 3*f, 2*f = -y*x + 4*x - 14. Is (5 + x)/(2/886) a prime number?
True
Let l(u) = -u**3 - 3*u**2 - 5*u - 10. Let q be l(-3). Suppose 2 = 2*b - 4, 0 = -q*y + 4*b - 7. Is y/(-4)*1 - (-138660)/80 composite?
False
Let w(k) = 26*k**2 + 12*k + 5. Let q(f) = -f**2 + 3*f + 38. Let h be q(9). Is w(h) a prime number?
True
Suppose h + p = 12, 4*h + 10 = 4*p + 18. Is (916 + -3)/(7/h) a composite number?
True
Let a be (-160 - 29)*(1 - 28). Let n = 9256 - a. Is n prime?
True
Suppose -148*m + 23498885 + 63880098 + 14059181 = 0. Is m a composite number?
False
Suppose -4*j + 3*j + 69 = w, 0 = -w + 4*j + 89. Let u be (-3 + (-10)/(-4))/((-275)/(-88) - 3). Is u - (2 + 0 - w) prime?
True
Let v(r) = -2*r**3 + 5*r + 1. Let j be v(-2). Suppose -31438 + 4404 = -j*n. Is n a composite number?
True
Let h = -168 + 173. Suppose -h*w + 0*w = 2*i - 713, -4 = -i. Is w prime?
False
Let j(c) be the second derivative of 103*c**3/3 + 3*c**2/2 + 21*c. Let b be 4/(-24) + (-14)/(-12). Is j(b) a prime number?
False
Suppose 0 = 2*n + 5*d - 5538, -4*d = -10 + 2. Is (n/(-14))/((-62)/217) a composite number?
False
Suppose 38184 = -s + 5*s. Let c = -4277 + s. Is c a composite number?
True
Suppose 3*n = 33 - 18. Suppose 27514 - 5124 = n*w. Suppose -6*s + 784 = -w. Is s prime?
True
Let u be -3*(0 + (-2)/2) + -1. Is u + (-69417)/(-21) + (-4)/7 composite?
False
Suppose -4857268 = 8*d - 77*d - 47*d. Is d a composite number?
True
Let l = 327 - 1399. Let v be ((-171)/(-95))/((-5)/1425*1). Let j = v - l. Is j composite?
True
Let q = 522 + -198. Suppose q + 724 = 4*u. Is u composite?
True
Suppose -5*n = -25, -3*n + 10 = -4*f - n. Suppose 3*x = 5*y + 3680, -3*y + f*x = -x + 2212. Let o = y - -1056. Is o prime?
True
Let s(g) = 24*g**2 - 65*g + 229. Is s(36) composite?
True
Let w = 1663 - 3515. Let u = 7239 - w. Is u prime?
True
Is ((-5)/((-30)/54))/3 - -46486 a composite number?
False
Let j(r) = 3*r - 1. Let k(m) = 6*m**2 + 51*m - 8. Let u(t) = -3*j(t) + k(t). Is u(29) composite?
True
Let y(q) = 2326*q - 857. Is y(6) prime?
True
Let a(k) = k**2 + 2*k - 3. Let f be a(-4). Let l(n) = 10*n. Let h be l(f). Let w = h - -176. Is w a prime number?
False
Suppose -r + 2276 = 3*x, -4*x - x - 3*r + 3796 = 0. Let i = x - 172. Is i composite?
True
Suppose 3*u = u + 44. Suppose 5*g = x + 16, -x - 3 = 2*g - u. Is 1/(-3) + (1 - (-3927)/x) prime?
False
Suppose 5*n = 9*n + 12*n. Suppose n = -3*m - 3*o + 1887, -4*m + 3545 = -4*o + 1013. Is m prime?
True
Let i = 160 + 230. Suppose 5*a + 5*p + 935 = 0, a - 5*p + 96 = -115. Let j = i - a. Is j a prime number?
False
Let h = 498 - 491. Suppose 0 = 3*z - n - n - 14, -4*n - 16 = 0. Suppose z*c - h*c + 8355 = 0. Is c a composite number?
True
Let q(f) = 3*f**2 + 14*f - 8. Let z be q(-5). Let k(m) = 417*m**2 - 6*m - 10. Is k(z) prime?
True
Let h = 901739 - 248656. Is h a prime number?
True
Suppose 63*k - 60*k - 2430 = 0. Suppose -j + 4*n = -9809, j = 2*n + 10611 - k. Is j a composite number?
True
Let b(u) = -4*u**3 + 4*u**2 - 15*u + 3. Suppose 16 = 4*z, 4*p + z + 2 + 26 = 0. Is b(p) a prime number?
False
Let i(n) = 1918*n**2 - 7*n + 14. Let c be i(3). Let s = c - 7032. Is s a composite number?
False
Let d = -7 + 6. Let l be d + 36821/(-2)*-2. Suppose -13145 = 5*i - l. Is i a prime number?
False
Suppose -5*l + l + 20 = 0. Suppose 8*j - 19643 = -l*j. Is j composite?
False
Let q be -1*0*(-1)/(-2). Suppose -3*l + 12 = 5*p, 0 = -l - 13*p + 10*p + 4. Suppose l*y + 868 = 4*w, q = 4*w - 0*y + 4*y - 852. Is w prime?
False
Suppose -2*h = -5*q - 10, -5*q - 4 = 4*h + 6. Suppose -2*d - 4*s + 20 = h, -3*d = 2*d - 2*s - 26. Let l(c) = 31*c**2 - 7*c + 8. Is l(d) prime?
False
Let q(b) be the third derivative of -22*b**2 + 1/6*b**4 + 0 + 7/60*b**5 + 0*b + 1/3*b**3. Is q(19) composite?
True
Let d(l) = 54909*l + 5206. Is d(5) composite?
False
Is 974954/3 + 10/(-6) + 2 a prime number?
False
Let h(q) = -17*q + 49. Let x be h(5). Let u(y) = -19*y + 181. Is u(x) a prime number?
False
Suppose 0 = 92*v - 94*v + 96. Suppose 2*c + v = -6*c. Let l(x) = -16*x - 9. Is l(c) a composite number?
True
Suppose -20*o = -x - 23*o + 28454, 2*x - 56920 = -2*o. Is x prime?
True
Let x = -451 - -264. Let m = x - -630. Is m composite?
False
Suppose -10*o + 792 = -7*o. Let m be o/(-42) + 2/7. Is (2/m)/((-6)/2070) composite?
True
Let z = -1763 + 2662. Suppose -37*c + 22 = -34*c - 5*t, -5*c + 16 = 2*t. Suppose -3648 = -c*l - u - 4*u, l = 2*u + z. Is l composite?
False
Let t(i) = -i**3 + 7*i**2 + 4*i - 10. Let r be t(6). Suppose 0 = r*f - 46*f + 2456. Let l = f - -1503. Is l a composite number?
True
Suppose 4*z = 3*q + 17, q - 5*q - 24 = -4*z. Is 3/q + (-34386)/(-21) a composite number?
False
Let j(f) = -9*f**3 - 20*f**2 - 58*f + 128. Is j(-19) a prime number?
False
Let o(b) = -4*b**2 + 6*b + 3. Let i be o(3). Is 8306 + ((-70)/i - 2/(-6)) a prime number?
True
Suppose -61 - 65 = -3*x. Suppose 0 = -24*w + 35*w - 957. Let v = x + w. Is v a prime number?
False
Is 1/(25/52473) + 2135/125 + -17 a composite number?
False
Let x be (1960/32 - -3)/(1/4). Suppose x*f + 5 = 258*f. Suppose 12696 = 2*a - 2*t, 0 = 2*a - 2*t + f*t - 12721. Is a a prime number?
True
Suppose -8*x + 159871 = -1056841. Is x composite?
True
Is (21/238)/((-6)/8) - 208229005/(-1445) a composite number?
False
Let a(v) = -v**3 - 5*v**2 + 2. Let y be a(-5). Suppose 2*j - 1948 = i, y*j = -2*i + 1560 + 382. Is j a composite number?
True
Let g(p) = 2*p**2 - 39*p + 6. Let a be g(19). Is (-3)/(-2)*(a - (-323725)/15) composite?
False
Let f(j) = 14*j**2 - 455*j - 404. Is f(95) composite?
False
Suppose 5*u - 155792 = -3*n, 2*u + n + 5159 = 67476. Is u prime?
True
Suppose 9*h = -5*w + 4*h + 4105, 0 = 4*w + 2*h - 3278. Suppose 4*t - 1346 = w. Is t composite?
False
Suppose 2*z = 4*z + 70. Let u = z + 56. Suppose n - 58 - u = 0. Is n composite?
False
Let f(m) = 10662*m + 1367. Is f(10) a composite number?
True
Let f be 330/8 + (-1)/4. Suppose -f*h + 38*h + 5151 = 0. Is h a composite number?
True
Let z(f) = -f - 3. Let h be z(-7). Let b(q) = q**3 - 4*q**2. Let y be b(h). Suppose w = -5*l + 3157, y*w - 3149 = -5*l + 3*w. Is l a composite number?
False
Let f = -34361 + 232915. Is f prime?
False
Suppose -45046865 = 76*n - 266*n + 168653925. Is n composite?
False
Suppose 0 = 5*y - 2*m + 1853 - 339, 4*m = 5*y + 1508. Let g be (292/6)/((-7)/21). Let c = g - y. Is c composite?
True
Let v(z) = z + 9. Let k be v(-4). Suppose 4 = k*p - 6. Suppose -w + 4 = -1, p*m - 4213 = -3*w. Is m prime?
True
Suppose -33*l + 36*l = 11*c + 42506, 4*c + 14171 = l. Is l composite?
False
Let u(j) = 8*j**2 + 5*j + 2. Let a be u(-2). Is 2*20470/a - (-37)/222 composite?
True
Is -9 - ((-10593054)/279 - (-10)/(-155)) a composite number?
True
Suppose 9*p = -5*d + 11*p + 10, -4*p = 0. Suppose d*t = -2*t + 2*v + 902, -2*t + 471 = -5*v. Is t prime?
True
Let i(h) = -h**3 + h**2. Let q(o) = -6*o**3 + 16*o**2 - 2*o - 32. Let j(a) = 8*i(a) - q(a). Let m be j(-6). Let v = 1413 - m. Is v a composite numbe